 g(x)?
4
Let p(q) = q**3 - 1. Let v be p(2). Let t(h) = h + v*h - 4*h. Let i be 6/(-27) - (-11)/9. Determine t(i).
4
Let i(v) = 4*v**2 + 4*v. Let f(n) = n**2 + n - 1. Let c(a) = 3*f(a) - i(a). Determine c(0).
-3
Let i(c) = -c - 2. Let q(x) = -x**2 - 9*x - 3. Let l be q(-8). Let g(t) = t + 3. Let r(a) = l*i(a) + 4*g(a). Give r(4).
-2
Let j(l) = 17*l**3 + l. Let a(z) = -68*z**3 - z**2 - 4*z. Let c(w) = -2*a(w) - 9*j(w). Calculate c(1).
-16
Let n(c) be the third derivative of -c**4/8 - 4*c**2. Let a = -9 + 18. Suppose 3*p = 6*p - a. What is n(p)?
-9
Let r(y) be the third derivative of y**5/60 + y**4/8 + y**3 + 12*y**2. Calculate r(-4).
10
Suppose 17 = a + 3*u, -a + 19 = -4*a + 5*u. Let l(s) = s**2 - 3*s**a + 1 + 3 - 5*s + s**2. Give l(-4).
8
Let y = 147 + -147. Let q be (-2)/(-7) - (-141)/21. Let u(h) = -q + 0*h + 4 - h. What is u(y)?
-3
Let z(w) = -4*w + 12. Let o(s) = 2*s - 7. Let v(y) = 5*o(y) + 3*z(y). Let g(d) = d**2 - d - 1. Let m be g(0). Let n = m + 0. Calculate v(n).
3
Let h(p) = -p**3 - 5*p**2 + 6*p - 8. Let d(g) = 4*g**3 + 14*g**2 - 17*g + 24. Let t(u) = -2*d(u) - 7*h(u). Calculate t(6).
-4
Let w be 2/(-5)*(-85)/34. Let f(g) = -g**3 - 2*g + 1. What is f(w)?
-2
Let y be (-5)/(-2)*(-24)/(-15). Suppose -5*s = -y*v - 2, -5*s + 18 = 3*v + v. Let g(n) = -2 + 2 + 3 + s*n. What is g(-3)?
-3
Let y be 15/(-20)*(-8)/3. Let u(s) = 0*s**y + 0*s**2 - 7 + 14 + s**2 - 6*s. What is u(6)?
7
Let y(o) = -o**3 - 2*o**2 - 3*o. Let d = 6 + -3. Suppose -3*x + 5*l - 45 = x, 5*x + 2*l = -15. Let f = x + d. Give y(f).
6
Let y be -1 - -2 - (-1 + -1). Let f be (-6)/(-15) + (-26)/(-10). Let i(n) = 2*n**2 + 4 - n**2 - f*n**2 + 3*n. Determine i(y).
-5
Let h(j) be the second derivative of j**5/20 + j**4/3 + j**3/3 - j**2/2 - j. Suppose 4*m = -2*q, -8*q + 3*q - 5*m - 5 = 0. What is h(q)?
3
Let r(a) = 0*a - 3*a**2 + a**2 - 2*a + 2 - 2*a. Give r(-4).
-14
Suppose -4*a + 1 = -u, 4*u + 2*a + 4 = -0. Let f(m) be the third derivative of 7*m**6/60 - m**4/24 + 4*m**2. What is f(u)?
-13
Suppose -2*w = 3*w. Let t = 4 - w. Let f = 2 - t. Let b(c) = 2*c**3 + 2*c**2 - c - 1. What is b(f)?
-7
Let o(b) = -b**3 + 2*b**2 + 4. Suppose -4*n - 55 = 5*l - 203, -l = -2*n + 60. Let u be n/20 + 6/15. Suppose u*h - 3 - 3 = 0. Determine o(h).
-5
Let i(k) = k**3 + k**2 + k + 2. Let c(o) = -o**3 + 6*o**2 - 6*o + 3. Suppose -3 = -2*n + 7. Let d be c(n). What is i(d)?
-4
Let u be -3 - -1*(6 - 0). Let g(q) = q + 0*q**u + 1 + 2*q**2 - 3*q**3 + 6*q**3 - 4*q**3. Calculate g(2).
3
Let y be (16/(-24))/(2/(-15)). Let f(c) = 16*c**2 + 21*c**2 - 36*c**2 - 7*c - 1. Determine f(y).
-11
Let r(i) = 5*i**2 - 7*i - 1. Let x(u) be the third derivative of u**2 + 0*u + 1/3*u**4 - 1/12*u**5 + 0 + 1/6*u**3. Let j(c) = 6*r(c) + 5*x(c). What is j(-1)?
6
Let n(l) = -5*l - 8*l - 14 + 5*l. Let k(v) = -3*v - 5. Let g(a) = -11*k(a) + 4*n(a). Give g(-4).
-5
Let h(p) = 2*p**3 + 3 - 4*p**3 + p**2 - 50*p + p**2 + 45*p. Let f(d) = -d**3 + d**2 - 2*d + 1. Let k(l) = 5*f(l) - 2*h(l). Give k(0).
-1
Let v(i) = 3*i**3 + 2*i**2 - 2*i + 1. Suppose -1 + 4 = -3*p. Let l = 0 - p. Let z be (-1 - 3/(-3)) + l. Calculate v(z).
4
Let q(n) be the third derivative of 1/120*n**6 - 1/10*n**5 + n**2 + 0 + 0*n - 1/3*n**3 + 1/4*n**4. Calculate q(5).
3
Let i(x) be the first derivative of -x**4/4 + x**2/2 + 7. Determine i(-2).
6
Let c(h) = -4*h - h**2 + 31 + 0*h**2 - 29. What is c(-6)?
-10
Let m(k) = k**2 - 4*k + 7. Let n(q) = 6*q**2 - 20*q + 36. Let r(p) = -16*m(p) + 3*n(p). Let y be -4 + -2 + 0 + 2. Calculate r(y).
12
Let z(j) = j**3 - 6*j**2 - j + 1. Let r be (-12)/(4/(-16)*6). Suppose r = -2*n - 5*p, -3*n + 2*p + 32 = n. What is z(n)?
-5
Let i(v) be the second derivative of 4*v + 1/6*v**3 - 2*v**2 + 0. Calculate i(0).
-4
Suppose 8 + 0 = 2*u. Suppose u*d + 2*o = -10, -d + 5*o = -0*o + 19. Let r(s) = s**3 + 4*s**2 + s + 3. What is r(d)?
-1
Let t(c) = -c**3 + 6*c**2 - 3*c + 8. Suppose -4*z - 32 = -4*p, 4*z = 9*z + 10. Give t(p).
-10
Let k(r) = 6 - r + 3*r**2 - r**3 - 7*r**2 - 4 + 2. What is k(-4)?
8
Let b(y) = -y**2 + 3*y + 2. Let a(o) = -o + 9. Let k be a(6). Suppose -3*x = -p - 13, 0*x = -4*x - k*p. Let f be x + 4*(-1)/(-2). Give b(f).
-8
Suppose 4*z = 5*s + 18, 6*z - 15 = 3*s + 5*z. Let l(k) = -k**2 - 5*k + 4. Give l(s).
-2
Let c(i) = -9*i**3 - 3*i**2 - i - 6. Let b(d) = 4*d**3 + 2*d**2 + d + 3. Let p(a) = 7*b(a) + 3*c(a). What is p(-5)?
-17
Let p(s) = -s**2 + s + 2. Suppose -2*b + 4*b + 4 = 0. What is p(b)?
-4
Let b(j) = j. Let w be (-14)/56 + 19/(-4). Determine b(w).
-5
Suppose -4*l + 0*l + 8 = 0. Suppose -l*y = 2*t - 6*t + 22, -26 = -5*t + 2*y. Let v(w) be the second derivative of -w**3/6 + 2*w**2 - w. Calculate v(t).
0
Let p(j) = j**2 - 2. Let q be p(-2). Suppose q*s - 7 = -3. Let n(z) be the second derivative of 2*z**3/3 - 3*z**2/2 - z. Determine n(s).
5
Let w(p) = 0*p**2 + 2*p + 2 - 1 + 3*p**2 - 2*p**2. Let c = -35 + 17. Let d be 12/c - (-2)/(-6). What is w(d)?
0
Let c(a) be the first derivative of -a**4/4 + 7*a**3/3 - 3*a - 39. Give c(7).
-3
Let v(a) = -7*a + 1. Let x = 5 - 3. Suppose 37 = 5*h + 3*w, -2*h - x*w + 6 = -h. Let o be (-2)/h + (-10)/(-8). Determine v(o).
-6
Let b(u) = u**2 - 22*u + 12. Let z be b(22). Let m(g) = g**2 - 10*g - 17. What is m(z)?
7
Let m(p) = 6*p + 6*p - 63*p**2 + 64*p**2 + 7 - 2*p. Determine m(-9).
-2
Let z(t) be the first derivative of -2/3*t**3 - 1/4*t**4 - t - 1 - 1/2*t**2. Give z(-3).
11
Let i(n) = -2*n**2 + 9*n - 1. Let d(a) = -3*a**2 + 14*a - 2. Let p(t) = -5*d(t) + 8*i(t). Suppose -m = z - 2, 2*z + 1 - 13 = 2*m. Give p(z).
-6
Suppose -2*m + 8 = 2*m. Suppose -3*j - 17 = m*t, -4*j - 3*t - 31 = -8. Let k(p) = p**2 + 3*p - 1. What is k(j)?
9
Let b = 18 + -23. Let a(n) = 3*n + 4. Let r(x) = -7*x - 8. Let t(v) = v**2 + 2*v + 2. Let s be t(-2). Let f(j) = s*r(j) + 5*a(j). Give f(b).
-1
Suppose -3*f = -0*z + 4*z + 3, 3*z - 24 = 3*f. Suppose -9 + 0 = -z*y. Let r(m) be the second derivative of m**4/12 - 2*m**3/3 + m**2 + 6*m. What is r(y)?
-1
Let f(y) = y**2 + y + 6. Let p(k) = 2*k - 3. Let q be p(2). Suppose 4*s + 5*o - q = 2*o, 2*s - o + 7 = 0. Let a be 1 - -1*(-3 - s). Calculate f(a).
6
Let q(h) = 3*h - 7. Let y(z) = -3*z + 6. Let j(p) = -5*q(p) - 6*y(p). Give j(3).
8
Let w(c) = 1 - c**3 + 22*c**2 - 19*c**2 + 2*c**3. Suppose -5*t + 20 = -t. Let v = t - 8. What is w(v)?
1
Let u be (-2)/(-7) + (-66)/(-14). Suppose -u*t + 14 + 6 = 0. Let s(w) = -6*w + 3*w - t*w + 3*w. Determine s(-1).
4
Let k(a) be the first derivative of a**4/4 - 7*a**3/3 + 3*a**2 - 9*a + 151. Suppose 2*z = -0*z + 5*s - 3, 5*s + 9 = 4*z. Determine k(z).
-9
Let m(q) = q**3 - 2*q**2 - 7. Let b be m(3). Let d(i) = -i**2 + i. Determine d(b).
-2
Let r(y) be the first derivative of -2*y**3/3 + y**2/2 - 7. Give r(2).
-6
Let w(c) = c**3 - 3*c**2 + 2*c - 3. Let n be w(2). Let q be 6 + 2*n/6. Suppose 1 + 14 = q*h. Let x(s) = -s**2 + 6*s - 2. Determine x(h).
7
Let v(m) be the first derivative of 3 + 2*m**3 - 4*m - 1/4*m**4 - 2*m**2. Let w(r) = 2*r**3 - 4*r**2 + 3*r - 1. Let x be w(2). Determine v(x).
1
Let z be (-2)/5 + 51/15. Let w be 6/z - 3/3. Let o(v) = 3*v - 1 + v**3 - 3*v. What is o(w)?
0
Let b(o) = 8*o - 2. Let f(z) = z. Let a(p) = -b(p) + 5*f(p). Suppose -4*d - d - s - 38 = 0, 3*d - 4*s + 32 = 0. Let v = d - -12. Calculate a(v).
-10
Let d(z) = -2*z + 2. Suppose 0 = w - 0*w - 21. Suppose 0 = 4*a + 2*m - 12, -3*a = 2*a + 4*m - w. Suppose -a - 1 = q. Calculate d(q).
6
Let v(o) be the third derivative of o**4/8 + o**3 - 8*o**2. Give v(-4).
-6
Let q(p) = 3*p + 2. Suppose -2*d - 2*w - 2 = -0*d, -2 = 3*d + 4*w. What is q(d)?
-4
Let o(b) be the third derivative of -b**6/120 - b**5/15 + 7*b**4/24 - 18*b**2. Suppose -2 = h + 3. What is o(h)?
-10
Let t(x) = x**2 + 4*x. Let c be t(-4). Suppose c = 5*q - q - 12. Suppose -l = q*l. Let r(b) = -b**3 + b**2 + b + 1. Calculate r(l).
1
Let p(z) = 5*z**3 - 12*z**2 - 13*z - 10. Let a(l) = -l**3 + l**2 + l + 1. Let u(q) = -6*a(q) - p(q). Calculate u(-4).
8
Let z(g) = -3*g**3 + g**2 + 2*g + 1. Let h(c) = -c + 6. Let l be h(5). Suppose -l = -2*d - 3. Give z(d).
3
Let a(p) = -p**3 - 3*p**2 + 3*p - 1. Let y = 0 - -3. Let x(v) = v**3 - 3*v**2 + 3. Let z be x(y). Suppose 3*t + z*c + 27 = 0, -3*t - c = c + 22. Determine a(t).
3
Let g(p) = -p**3 - 4*p**2 + 3*p + 2. Let n(i) = i - 1. Let v(a) = g(a) - 2*n(a). Calculate v(-3).
-8
L